. List the prime factors of n.
3, 1361
Let s be 3 + (0 - -130)/2. Suppose -4*h + s = 3*u, 43 = 3*u + 5*h - 6*h. Suppose -18*i + u*i + 34 = 0. What are the prime factors of i?
17
Let o be 1/(2/52*-2). What are the prime factors of ((-211)/(-1))/(o + 14)?
211
Suppose 3*w + 6*h - 2*h = 19, 9 = w + 4*h. Suppose 9*g - w*g - 1596 = -2*n, -n = -3*g + 1207. What are the prime factors of g?
401
Suppose 7*y - 4*y - 2*g = 12, 2*y - 4*g - 8 = 0. Suppose w + y*w - 2*u - 1081 = 0, 4*w = -3*u + 874. What are the prime factors of w?
7, 31
Let m be 0*(9/(-6) - (-3)/6). Suppose u - 147 = 3*d - 30, m = -4*d + 16. What are the prime factors of u?
3, 43
Let u = 201 - -57. Let w be (21/63)/((-1)/(-12)). Suppose -2*i = w*i - u. List the prime factors of i.
43
Let z(o) = -339*o - 124. Let f be z(-4). Suppose f = 7*r - 3710. List the prime factors of r.
2, 353
Suppose -2*g + 3492 = 4*h - 110, -5413 = -3*g + 4*h. Suppose -4*p = 3*n - 3879, -4*p + g = 4*n - 2081. List the prime factors of p.
2, 3, 7, 23
Suppose 5*j - 3*j + 2*w - 62254 = 0, 42 = -21*w. What are the prime factors of j?
7, 4447
Let n(l) = l**3 + 15*l**2 + 4*l + 63. Suppose s + 30 = 3*i, -5*s + 10*s = -i - 70. What are the prime factors of n(s)?
3
Let q(v) = -v**2 + 2*v + 8. Let r be q(3). Suppose -r*j + 2*u = u - 99, 4*j - 75 = 5*u. What are the prime factors of 103*24/j + 4/10?
2, 31
Suppose 5*n - 3*p + 29 = 0, n = p - 3 - 4. Let k(b) be the second derivative of -b**5/10 - b**4/6 + 2*b**3/3 - b**2 + 3*b. What are the prime factors of k(n)?
2, 3, 13
Let p = -296 + 310. Suppose 4*u - 66 = 5*r, -4*u + 60 = 12*r - p*r. What are the prime factors of u?
2, 7
Let f(q) = 556*q + 1358. List the prime factors of f(13).
2, 3, 53
Suppose 2*c + 10 = -4*t, 12*c = 3*t + 11*c + 10. Let g(r) = 61*r**2 + 3*r + 7. What are the prime factors of g(t)?
547
Let j be ((-12)/9)/((-1)/((-27)/(-6))). Let c be j/(-36) - 39/(-18). Suppose -l + 3*z = -39, c*l + 2*z - 66 = 4*z. List the prime factors of l.
2, 3, 5
Let w(o) = o**2 - 8*o + 19. Let r(b) = 2*b**3 - 5*b**2 + 2*b + 5. Let i be r(2). Let g be w(i). Suppose s = g*s - 99. List the prime factors of s.
3, 11
Suppose 0 = -32*l + 400917 - 86645. List the prime factors of l.
7, 23, 61
Let j be ((-70)/21)/2*(-84)/2. What are the prime factors of j - (-3)/((-15)/25)?
5, 13
Let f be 2/(-10) + (-110205)/225. Let b = f - -815. List the prime factors of b.
5, 13
Let v(j) be the second derivative of -j**5/20 - 3*j**4/2 + 2*j**3 - 37*j**2/2 + 5*j - 64. Suppose 54 = -5*l - 41. What are the prime factors of v(l)?
2, 3
Let b(v) = -24*v + v**3 + 22*v**2 + 12 + 3 - 5 + 11. List the prime factors of b(-23).
2, 11
Suppose 5392 + 3905 = 3*j. Suppose j = 5*b + 874. Suppose -7*p + 255 = -b. What are the prime factors of p?
2, 5
Suppose -7*s - 742 = -2*m - 3*s, -5*s + 1168 = 3*m. Let a = 193 + m. List the prime factors of a.
2, 7, 41
Let i(t) = -2*t**2 - 25*t - 134. Let a be i(-7). Suppose 5*j - 4*q + 46 = 0, q = -j - 0*q - 11. Let s = j - a. List the prime factors of s.
47
List the prime factors of -16 + (-36080)/(-20) + (1 - 7 - -1).
1783
Let k(o) = -o**2 + 8*o + 13. Let a be k(7). Suppose 3*c - 35 = -a. Suppose -4*t + 375 = 5*i, c*i - t - 208 = 2*i. What are the prime factors of i?
71
Let a = 197 - 170. Suppose -a*f + 3581 + 13834 = 0. List the prime factors of f.
3, 5, 43
Suppose 25840 = -20*a + 153140. List the prime factors of a.
5, 19, 67
Let c be 1752/360 - 2/(-15). Suppose 33*z - v = 38*z - 4578, z = c*v + 926. What are the prime factors of z?
2, 229
Let g be (1 - (-4 - 1)) + 10027/(-37). Let x(f) = 24*f + 6. Let k be x(-8). Let l = k - g. List the prime factors of l.
79
Let f = -1487 + 3701. Suppose 474 = -20*m + f. List the prime factors of m.
3, 29
Let g be ((-35)/15)/((-1 + -2)/378). Suppose -7*o = -g - 455. List the prime factors of o.
107
Suppose 2*l = -18*l + 100. Suppose 2*n = l*b - 3480, -3*b + n + 3*n = -2074. List the prime factors of b.
2, 349
Suppose -5*n - 8973 = -g, 2*g + 5*n - 17936 = 10*n. What are the prime factors of g?
8963
Let t(u) = u**2 + 6*u - 18. Let o(r) = 4*r**2 + 20*r - 53. Let d(l) = 4*o(l) - 14*t(l). What are the prime factors of d(6)?
2, 11
Let p be 4/(-22) - 395/(-55). Suppose -25*u + 27*u = -j - 6, 0 = -5*j + 3*u - 30. What are the prime factors of (j*p/2)/((-1)/5)?
3, 5, 7
Suppose 109*p - 185202 = 57*p + 14114. List the prime factors of p.
3833
Let d = -1173 - -1662. Suppose -d = -10*l + 7091. List the prime factors of l.
2, 379
Let c(j) = -j**3 + 15*j**2 - 13*j - 9. Let h be c(14). Suppose -f = -h*f + 16. Suppose -5*w + q + 358 = -92, -3*w + f*q = -287. List the prime factors of w.
89
Suppose -110 = 4*h + 2246. Let y = 1024 + h. List the prime factors of y.
3, 5, 29
Suppose 25*f - 49*f = -29*f + 3785. List the prime factors of f.
757
Let i = 206 + -152. Let t = 148 - i. What are the prime factors of t?
2, 47
Let p = -25 + 30. Let i be -2*p*3/(-6). Suppose 4*u = 4*a + 357 + 167, -635 = -i*u + a. What are the prime factors of u?
2, 3, 7
Suppose -173555 = -42*q + 25231. What are the prime factors of q?
4733
Let s = 1677 + 2580. List the prime factors of s.
3, 11, 43
Suppose 3*c = -207 - 261. Suppose 43*y = -6*y - 4165. Let s = y - c. What are the prime factors of s?
71
Let n be ((-5)/((-25)/(-1890)))/(-1). Suppose -32*x - n = -33*x. List the prime factors of x.
2, 3, 7
Suppose -a + 5*i + 39 = 0, -5*a - 4*i = -60 - 19. Let u = a + -8. Suppose 4*o + u = -9, o = 5*m - 275. List the prime factors of m.
2, 3
Let j(s) = 2187*s**2 - 19*s - 40. Let g be j(-2). Suppose -17*k - 2099 = -g. What are the prime factors of k?
17, 23
Let y be (-2)/((-6)/(4152/4)). Let r = -132 + y. List the prime factors of r.
2, 107
Let q(z) = 23*z**2 - 18*z + 484. List the prime factors of q(-20).
2, 3, 31
Let n = -9647 - -16967. What are the prime factors of n?
2, 3, 5, 61
Suppose -2*h + 5*h = 12. Suppose -2*u = -g - 2*g + 878, -4*g - h*u + 1204 = 0. What are the prime factors of g?
2, 37
Let a(l) = 146*l**2 + 72*l - 238. What are the prime factors of a(-20)?
2, 79, 359
Let f(u) = 3*u**2 - 20*u + 676. List the prime factors of f(39).
7, 13
List the prime factors of 5451 + (6 - (-26)/(-4)) + 15/(-10).
5449
Suppose f - 4 - 34 = 2*l, 3*f + 12 = -l. Let o be -99 - (2/3)/((-4)/l). Let h = 257 + o. What are the prime factors of h?
5, 31
Suppose 206404 - 699484 = -84*i. What are the prime factors of i?
2, 5, 587
Let j = 35 - 45. Let y(h) = -3*h**2 - 30*h - 1. Let n be y(j). What are the prime factors of 4/n - (8 + -152)?
2, 5, 7
Let j(w) = -85*w**3 + 14*w**2 + 72*w - 19. List the prime factors of j(-5).
2, 3, 883
What are the prime factors of 415802/58 - 10*(-2)/4?
2, 17, 211
What are the prime factors of 36412*(-122)/1952*(-8 + 0)?
2, 9103
Suppose 0 = -2*a + 183 - 167. Suppose -a*k = -9*k + 417. List the prime factors of k.
3, 139
Suppose f + 99 = 12*f. List the prime factors of 358 - (-15 + f)/(3/2).
2, 181
Let a = 18183 - -10633. List the prime factors of a.
2, 1801
Let k be (2 + -3)*-2 - 4. Let g be (30/50)/(k/(-70)). Let o = g - 8. What are the prime factors of o?
13
Let h(f) = f**3 - 18*f**2 - 32*f - 138. What are the prime factors of h(29)?
5, 1637
Let k(j) = 137*j + 2. Let p be k(2). Let i(z) = -94*z**2 + 6*z - 6. Let g be i(1). Let a = g + p. What are the prime factors of a?
2, 7, 13
Let c(r) = -7 - 8 - 12 + 0*r**3 - 2*r + 30 - r**3. What are the prime factors of c(-4)?
3, 5
Let b(z) = -19*z + 6749. What are the prime factors of b(0)?
17, 397
Let m be -7 + (-5)/3 + (-4)/(-6). Let r be ((153/(-6))/3)/(4/m). Suppose 4*u + 5 = r, 0 = -4*a + 3*u + 279. List the prime factors of a.
2, 3
Suppose -43*q + 7586 = -10259. What are the prime factors of q?
5, 83
Suppose 0 = -11*k + 2*k + 105579. Suppose 23*m - k = 6899. List the prime factors of m.
2, 3, 5
Let c = -216 + 494. Suppose -x + 4*q - c = 3*q, -5*x - 1402 = q. Let w = -199 - x. What are the prime factors of w?
3
Let c(d) = 4*d**2 + 10*d - 24. Let j be c(6). Suppose 3*f - j - 12 = 2*v, 4*f - 5*v = 249. Suppose -f = 4*u - 5*u. What are the prime factors of u?
2, 3, 11
Let h = -7365 + 7365. Let l = 235 + -145. Suppose h = -q - 0*q + l. What are the prime factors of q?
2, 3, 5
Suppose -1369*n = -1360*n - 467631. List the prime factors of n.
223, 233
Let o(z) = -z**2 + 4*z + 2. Let c(v) = -6*v - 15. Let n be c(-3). Let l be o(n). List the p